-10222122021?
-10222112101
In base 4, what is -11232 - 23213331?
-23231223
In base 16, what is -1fe2f + -160?
-1ff8f
In base 9, what is 20 + 14488623?
14488643
In base 5, what is 3 + -1000420343?
-1000420340
In base 9, what is 1106063 - -58?
1106132
In base 9, what is -2 - -5350788?
5350786
In base 6, what is -252 + -253254305?
-253255001
In base 13, what is 8a1 + -244c?
-187b
In base 4, what is 130011031 - -13202?
130030233
In base 15, what is 1 + -4a8697?
-4a8696
In base 11, what is 30 + 2240?
2270
In base 6, what is -12453104 + 100?
-12453004
In base 3, what is -110210201221 - -20220?
-110210111001
In base 12, what is 4420 - -2882?
70a2
In base 7, what is 1501 + 40066?
41600
In base 12, what is 132b312 - -6?
132b318
In base 15, what is 3278 + -c75?
2503
In base 10, what is -4 + -80838129?
-80838133
In base 6, what is 2124332 - 403?
2123525
In base 5, what is 4301421 - -234?
4302210
In base 12, what is 61b34975 - 3?
61b34972
In base 5, what is -34101303 + -33?
-34101341
In base 12, what is 1 - -6176559?
617655a
In base 9, what is 1577841 + -128?
1577712
In base 15, what is 455ae8 - 4?
455ae4
In base 3, what is 1002010012 + 22111?
1002102200
In base 15, what is -39 + -9a1e8?
-9a232
In base 11, what is -a8a4744 + -4?
-a8a4748
In base 8, what is 65470413 - 1?
65470412
In base 11, what is 7455 - 454?
7001
In base 6, what is -12101 + -21002512?
-21015013
In base 3, what is 10122101120 + -120?
10122101000
In base 16, what is -a9 - -e730?
e687
In base 14, what is 371b - 19b?
3560
In base 7, what is -13526503 - 430?
-13530233
In base 15, what is 0 + -68b0dc?
-68b0dc
In base 13, what is -191236 + 85?
-191181
In base 8, what is 4 + 15153351?
15153355
In base 5, what is 33044144424 - -13?
33044144442
In base 15, what is 801b + 1b?
8037
In base 14, what is 104990 - 254?
10473a
In base 15, what is -5 + 417d7d?
417d78
In base 6, what is 3130 + -3230?
-100
In base 3, what is 2002100012222100012 - 1?
2002100012222100011
In base 5, what is -112410130 - -304?
-112404321
In base 2, what is -1 - -1000100100011010000010011001?
1000100100011010000010011000
In base 7, what is -240 - 134013?
-134253
In base 13, what is 1c - -106a34?
106a53
In base 11, what is 1431 + 53a7?
6828
In base 15, what is -34482 + -d7d?
-35310
In base 9, what is 2357301606 - -1?
2357301607
In base 15, what is cd2776 + -1?
cd2775
In base 12, what is -7 + -49b337?
-49b342
In base 16, what is -ce - -60f67?
60e99
In base 4, what is -23320013 - -2200?
-23311213
In base 10, what is 4154764 - 2?
4154762
In base 14, what is 11bb5554 + -6?
11bb554c
In base 11, what is 1617a69 - -10?
1617a79
In base 11, what is 2 - a065766?
-a065764
In base 13, what is -2578 - 4a70?
-7318
In base 15, what is 370457 - -47?
37049e
In base 15, what is a252 + -2d8?
9e69
In base 10, what is 5 - -7543176?
7543181
In base 11, what is -5 - -614968?
614963
In base 10, what is 92734 - 133?
92601
In base 14, what is -ac - a6589?
-a6657
In base 7, what is 11 - 10245241?
-10245230
In base 4, what is 1001 - -133200100?
133201101
In base 10, what is 16 - -6302725?
6302741
In base 9, what is 23 + 70031?
70054
In base 6, what is -3210110 + 240?
-3205430
In base 9, what is 51 - 24625876?
-24625825
In base 16, what is 2641cf - -18d?
26435c
In base 15, what is 19329 - -227c?
1b5a6
In base 15, what is -354661c + 2?
-354661a
In base 4, what is -2001 + -3202013023?
-3202021030
In base 8, what is -200630767 - -2?
-200630765
In base 3, what is -1120221220 + 1000110?
-1112221110
In base 13, what is 3 + 89609a?
8960a0
In base 6, what is -335515225 - -111?
-335515114
In base 11, what is -875 - 218721?
-219496
In base 5, what is 203314 + 12333313?
13042132
In base 7, what is 53530 + -3454?
50043
In base 9, what is -3787 + -62072?
-65870
In base 11, what is 4 + -219277?
-219273
In base 3, what is 22 + -2100011001011020?
-2100011001010221
In base 15, what is 659d27 - -3b?
659d63
In base 7, what is -2 + 1021501033?
1021501031
In base 14, what is -3183b2 - 17?
-3183c9
In base 11, what is 608a40 + 159?
609099
In base 9, what is 2721773 - 38?
2721734
In base 14, what is -3459 + 1da9?
-1490
In base 10, what is -27 + 3315488?
3315461
In base 6, what is 13 - -11350224?
11350241
In base 16, what is a + 93669?
93673
In base 7, what is 6643 + -602?
6041
In base 12, what is -82 + 20b26?
20a64
In base 7, what is -14111144235 - 5?
-14111144243
In base 8, what is 3 + 3241010?
3241013
In base 4, what is 1201112 + 2032323?
3300101
In base 7, what is 2202531 - 342?
2202156
In base 15, what is 49e00 - -7e?
49e7e
In base 9, what is -45308 + -2843?
-48252
In base 13, what is -19289 + 273?
-19016
In base 2, what is 1111100100101000101100 + 11?
1111100100101000101111
In base 11, what is -10 + -519439a?
-51943aa
In base 13, what is 1 - 184c061a?
-184c0619
In base 4, what is 100133111 - 320?
100132131
In base 4, what is 230302000 + 3013?
230311013
In base 6, what is 52 + 14455205?
14455301
In base 8, what is 5 - -7406577?
7406604
In base 9, what is 1276 - -510142?
511428
In base 16, what is -2e3 + -26b?
-54e
In base 4, what is -10222212 - 31312?
-10320130
In base 3, what is -11212 + -10102122121?
-10102211110
In base 10, what is 417 - -2397?
2814
In base 2, what is 110010010000011010101101001111 + 11?
110010010000011010101101010010
In base 4, what is 0 - 3020132102?
-3020132102
In base 6, what is 2230 + -4034325?
-4032055
In base 9, what is -102118 - -123?
-101885
In base 12, what is 61550 - -1387?
62917
In base 12, what is -3 + 9007694?
9007691
In base 8, what is 10610136 + 11?
10610147
In base 12, what is -723840b04 - 2?
-723840b06
In base 14, what is 4ba269 + 6?
4ba271
In base 4, what is 103202221 - -1123232?
110332113
In base 7, what is -32653 - 122623?
-155606
In base 11, what is -9 + 1239a348?
1239a33a
In base 8, what is -3436357 + -3?
-3436362
In base 3, what is 2210202 + 1102120122?
1112101101
In base 3, what is 11121101022122 - 121?
11121101022001
In base 3, what is -112221122022 + 220021?
-112220202001
In base 3, what is -1121221022000 + -10?
-1121221022010
In base 11, what is -45826a48 + 5?
-45826a43
In base 2, what is -11 - -100101000010110100000111110?
100101000010110100000111011
In base 4, what is 10 - 123212303230?
-123212303220
In base 16, what is 4bcd + 648?
5215
In base 6, what is -5 + 35254144?
35254135
In base 16, what is -241a3c + -c2?
-241afe
In base 8, what is 10335321 - 26?
10335273
In base 4, what is 3 - -100201320310023?
100201320310032
In base 14, what is -314448 - 8?
-314452
In base 11, what is 46 + 11487852?
11487898
In base 14, what is -151405 - 7?
-15140c
In base 8, what is -133141555 - -5?
-133141550
In base 3, what is -101210212122202120 - -11?
-101210212122202102
In base 16, what is 698a - 3a3?
65e7
In base 12, what is -56ab91b - -2?
-56ab919
In base 9, what is 75231 + -43?
75177
In base 9, what is 72 - 23001011?
-23000828
In base 15, what is -158d27a + -3?
-158d27d
In base 4, what is -2 + 210331320110?
210331320102
In base 14, what is -142dd - 3c7?
-146c6
In base 6, what is -3224254 - -235?
-3224015
In base 14, what is c52a - -45?
c571
In base 12, what is a5780087 - 2?
a5780085
In base 6, what is 53 - 10322250?
-10322153
In base 3, what is -22 + 21021111010111220?
21021111010111121
In base 13, what is 860bc6 - 5?
860bc1
In base 9, what is 5 + -22133806?
-22133801
In base 15, what is -2131 - 43965?
-45a96
In base 6, what is -40 - -1140142430?
1140142350
In base 15, what is 2 - 3d9edd?
-3d9edb
In base 5, what is -43240 + 12432044?
12333304
In base 12, what is -40729 - -595?
-40154
In base 6, what is 154434242 - 2?
154434240
In base 6, what is 4 - -42321432?
42321440
In base 6, what is -50 + -23040155?
-23040245
In base 3, what is 1100001212010122 - 1?
1100001212010121
In base 3, what is -12 - -12100101011020020?
12100101011020001
In base 4, what is -202202221 - 213001?
-203021222
In base 11, what is 1 + 11493300?
11493301
In base 16, what is 10 - 7892d?
-7891d
In base 7, what is -6 - 3431623043?
-3431623052
In base 4, what is -11332 + 10111331?
10033333
In base 7, what is 0 - -4050404255?
4050404255
In base 12, what is 1288b5b + 6?
1288b65
In base 11, what is 168352 + 665?
168a07
In base 2, what is 110000101111011 + 1101010110010?
111110000101101
In base 9, what is -4 - -55012753?
55012748
In base 7, what is 30434436 + 152?
30434621
